{"id":4649,"date":"2025-10-16T19:51:21","date_gmt":"2025-10-16T18:51:21","guid":{"rendered":"https:\/\/climate-hive.org\/knowledge-base\/deep-dives\/2025-2\/no-way-around-dei-how-to-build-a-green-and-just-future-for-all\/"},"modified":"2025-10-17T15:17:02","modified_gmt":"2025-10-17T14:17:02","slug":"no-way-around-dei-how-to-build-a-green-and-just-future-for-all","status":"publish","type":"docs","link":"https:\/\/climate-hive.org\/es\/knowledge-base\/deep-dives\/2025-2\/no-way-around-dei-how-to-build-a-green-and-just-future-for-all\/","title":{"rendered":"La DEI no tiene vuelta atr\u00e1s: c\u00f3mo construir un futuro verde y justo para todos"},"content":{"rendered":"<p>Mientras el mundo retrocede contra las medidas de inclusi\u00f3n y acci\u00f3n clim\u00e1tica,&nbsp;<strong>\u00bfc\u00f3mo podemos seguir avanzando en una acci\u00f3n por el clima que beneficie a todos?<\/strong><\/p>\n\n\n\n<p>\u00danase a nosotros en un taller atractivo y colaborativo, que forma parte de&nbsp;<strong>Inmersi\u00f3n profunda en la Comunidad&nbsp;<\/strong>que explora enfoques pr\u00e1cticos para la innovaci\u00f3n clim\u00e1tica inclusiva. Esta sesi\u00f3n interactiva re\u00fane a diversas partes interesadas para abordar uno de los retos m\u00e1s acuciantes de la actualidad: garantizar que las soluciones clim\u00e1ticas se desarrollen con equidad e inclusi\u00f3n.&nbsp;<\/p>\n\n\n\n<p>El cambio clim\u00e1tico afecta a las comunidades de forma desigual, y nuestra respuesta debe reflejar esta realidad. En este acto se examinar\u00e1 c\u00f3mo podemos crear y aplicar innovaciones clim\u00e1ticas que aborden los retos medioambientales, garantizando al mismo tiempo que los grupos m\u00e1s expuestos a los efectos del cambio clim\u00e1tico no solo est\u00e9n incluidos, sino que tambi\u00e9n est\u00e9n capacitados para apoyar las soluciones.<\/p>\n\n\n\n<h2 class=\"wp-block-heading\">Altavoces<\/h2>\n\n\n\n<ul class=\"wp-block-list\">\n<li><strong>Eleanor Ripoll<\/strong>, Asociado Senior de Clima,&nbsp;<strong>2X Global<\/strong><\/li>\n\n\n\n<li><strong>Linda Gustafsson<\/strong>, Experto en igualdad de g\u00e9nero,&nbsp;<strong>Municipio de Ume\u00e5, Suecia<\/strong><\/li>\n\n\n\n<li><strong>V\u00edctor \u00c1vila<\/strong>, Experto en sostenibilidad,&nbsp;<strong>REDO SGR<\/strong><\/li>\n\n\n\n<li><strong>Waldo Soto<\/strong>, Cofundador y Director,&nbsp;<strong>2811 Global<\/strong><\/li>\n\n\n\n<li><strong>Noelia Gonz\u00e1lez Vila<\/strong>, Fundador y Consejero Delegado,\u00a0<strong>Alegr\u00eda y comida<\/strong><\/li>\n<\/ul>\n\n\n\n<figure class=\"wp-block-embed is-type-video is-provider-vimeo wp-block-embed-vimeo wp-embed-aspect-16-9 wp-has-aspect-ratio\"><div class=\"wp-block-embed__wrapper\">\n<iframe loading=\"lazy\" title=\"No hay forma de evitar la DEI - Deep Dive Junio 2025\" src=\"https:\/\/player.vimeo.com\/video\/1128225927?h=7d7dfbceac&amp;dnt=1&amp;app_id=122963\" width=\"1200\" height=\"675\" frameborder=\"0\" allow=\"autoplay; fullscreen; picture-in-picture; clipboard-write; encrypted-media; web-share\" referrerpolicy=\"strict-origin-when-cross-origin\"><\/iframe>\n<\/div><\/figure>\n\n\n\n<h2 class=\"wp-block-heading\">Diapositivas<\/h2>\n\n\n\n<div data-wp-interactive=\"core\/file\" class=\"wp-block-file\"><object data-wp-bind--hidden=\"!state.hasPdfPreview\" hidden class=\"wp-block-file__embed\" data=\"https:\/\/climate-hive.org\/wp-content\/uploads\/2025\/10\/Deep-Dive-No-Way-around-DEI-Slides-25.06.23.pdf\" type=\"application\/pdf\" style=\"width:100%;height:600px\" aria-label=\"Embed of Deep Dive - No Way around DEI - Slides - 25.06.23.\"><\/object><a id=\"wp-block-file--media-92e81be4-e52a-49d4-acd1-8f7baaa08d2a\" href=\"https:\/\/climate-hive.org\/wp-content\/uploads\/2025\/10\/Deep-Dive-No-Way-around-DEI-Slides-25.06.23.pdf\">Deep Dive - No hay forma de evitar la DEI - Diapositivas - 25.06.23<\/a><a href=\"https:\/\/climate-hive.org\/wp-content\/uploads\/2025\/10\/Deep-Dive-No-Way-around-DEI-Slides-25.06.23.pdf\" class=\"wp-block-file__button wp-element-button\" download aria-describedby=\"wp-block-file--media-92e81be4-e52a-49d4-acd1-8f7baaa08d2a\">Descargar<\/a><\/div>\n\n\n\n<h2 class=\"wp-block-heading\">Perspectivas colectivas<\/h2>\n\n\n\n<div data-wp-interactive=\"core\/file\" class=\"wp-block-file\"><object data-wp-bind--hidden=\"!state.hasPdfPreview\" hidden class=\"wp-block-file__embed\" data=\"https:\/\/climate-hive.org\/wp-content\/uploads\/2025\/10\/Deep-Dive-Collective-Insights-Menti.pdf\" type=\"application\/pdf\" style=\"width:100%;height:634px\" aria-label=\"Embed of Deep Dive - Collective Insights Menti.\"><\/object><a id=\"wp-block-file--media-98055af3-b383-4811-b548-771e007eef54\" href=\"https:\/\/climate-hive.org\/wp-content\/uploads\/2025\/10\/Deep-Dive-Collective-Insights-Menti.pdf\">Inmersi\u00f3n profunda - Collective Insights Menti<\/a><a href=\"https:\/\/climate-hive.org\/wp-content\/uploads\/2025\/10\/Deep-Dive-Collective-Insights-Menti.pdf\" class=\"wp-block-file__button wp-element-button\" download aria-describedby=\"wp-block-file--media-98055af3-b383-4811-b548-771e007eef54\">Descargar<\/a><\/div>","protected":false},"featured_media":0,"parent":4648,"menu_order":0,"comment_status":"open","ping_status":"closed","template":"","doc_tag":[154,155,161,156,158,159,157,144,162,160],"class_list":["post-4649","docs","type-docs","status-publish","hentry","doc_tag-dei","doc_tag-diversity","doc_tag-entrepreneurship","doc_tag-equity","doc_tag-finance","doc_tag-housing","doc_tag-inclusion","doc_tag-innovation","doc_tag-interculturalism","doc_tag-urban-development","pmpro-has-access"],"acf":[],"comment_count":0,"_links":{"self":[{"href":"https:\/\/climate-hive.org\/es\/wp-json\/wp\/v2\/docs\/4649","targetHints":{"allow":["GET"]}}],"collection":[{"href":"https:\/\/climate-hive.org\/es\/wp-json\/wp\/v2\/docs"}],"about":[{"href":"https:\/\/climate-hive.org\/es\/wp-json\/wp\/v2\/types\/docs"}],"replies":[{"embeddable":true,"href":"https:\/\/climate-hive.org\/es\/wp-json\/wp\/v2\/comments?post=4649"}],"version-history":[{"count":3,"href":"https:\/\/climate-hive.org\/es\/wp-json\/wp\/v2\/docs\/4649\/revisions"}],"predecessor-version":[{"id":4690,"href":"https:\/\/climate-hive.org\/es\/wp-json\/wp\/v2\/docs\/4649\/revisions\/4690"}],"up":[{"embeddable":true,"href":"https:\/\/climate-hive.org\/es\/wp-json\/wp\/v2\/docs\/4648"}],"next":[{"title":"M\u00e1s all\u00e1 de la ESG: crear organizaciones \u00e1giles y resistentes para la pr\u00f3xima era industrial","link":"https:\/\/climate-hive.org\/es\/knowledge-base\/deep-dives\/2025-2\/beyond-esg-building-agile-resilient-organisations-for-the-next-industrial-era\/","href":"https:\/\/climate-hive.org\/es\/wp-json\/wp\/v2\/docs\/4656"}],"wp:attachment":[{"href":"https:\/\/climate-hive.org\/es\/wp-json\/wp\/v2\/media?parent=4649"}],"wp:term":[{"taxonomy":"doc_tag","embeddable":true,"href":"https:\/\/climate-hive.org\/es\/wp-json\/wp\/v2\/doc_tag?post=4649"}],"curies":[{"name":"wp","href":"https:\/\/api.w.org\/{rel}","templated":true}]}}

La DEI no tiene vuelta atrás: cómo construir un futuro verde y justo para todos

<p>Mientras el mundo retrocede contra las medidas de inclusión y acción climática,&nbsp;<strong>¿cómo podemos seguir avanzando en una acción por el clima que beneficie a todos?</strong></p>



<p>Únase a nosotros en un taller atractivo y colaborativo, que forma parte de&nbsp;<strong>Inmersión profunda en la Comunidad&nbsp;</strong>que explora enfoques prácticos para la innovación climática inclusiva. Esta sesión interactiva reúne a diversas partes interesadas para abordar uno de los retos más acuciantes de la actualidad: garantizar que las soluciones climáticas se desarrollen con equidad e inclusión.&nbsp;</p>



<p>El cambio climático afecta a las comunidades de forma desigual, y nuestra respuesta debe reflejar esta realidad. En este acto se examinará cómo podemos crear y aplicar innovaciones climáticas que aborden los retos medioambientales, garantizando al mismo tiempo que los grupos más expuestos a los efectos del cambio climático no solo estén incluidos, sino que también estén capacitados para apoyar las soluciones.</p>



<h2 class="wp-block-heading">Altavoces</h2>



<ul class="wp-block-list">
<li><strong>Eleanor Ripoll</strong>, Asociado Senior de Clima,&nbsp;<strong>2X Global</strong></li>



<li><strong>Linda Gustafsson</strong>, Experto en igualdad de género,&nbsp;<strong>Municipio de Umeå, Suecia</strong></li>



<li><strong>Víctor Ávila</strong>, Experto en sostenibilidad,&nbsp;<strong>REDO SGR</strong></li>



<li><strong>Waldo Soto</strong>, Cofundador y Director,&nbsp;<strong>2811 Global</strong></li>



<li><strong>Noelia González Vila</strong>, Fundador y Consejero Delegado, <strong>Alegría y comida</strong></li>
</ul>



<figure class="wp-block-embed is-type-video is-provider-vimeo wp-block-embed-vimeo wp-embed-aspect-16-9 wp-has-aspect-ratio"><div class="wp-block-embed__wrapper">
<iframe loading="lazy" title="No hay forma de evitar la DEI - Deep Dive Junio 2025" src="https://player.vimeo.com/video/1128225927?h=7d7dfbceac&amp;dnt=1&amp;app_id=122963" width="1200" height="675" frameborder="0" allow="autoplay; fullscreen; picture-in-picture; clipboard-write; encrypted-media; web-share" referrerpolicy="strict-origin-when-cross-origin"></iframe>
</div></figure>



<h2 class="wp-block-heading">Diapositivas</h2>



<div data-wp-interactive="core/file" class="wp-block-file"><object data-wp-bind--hidden="!state.hasPdfPreview" hidden class="wp-block-file__embed" data="https://climate-hive.org/wp-content/uploads/2025/10/Deep-Dive-No-Way-around-DEI-Slides-25.06.23.pdf" type="application/pdf" style="width:100%;height:600px" aria-label="Embed of Deep Dive - No Way around DEI - Slides - 25.06.23."></object><a id="wp-block-file--media-92e81be4-e52a-49d4-acd1-8f7baaa08d2a" href="https://climate-hive.org/wp-content/uploads/2025/10/Deep-Dive-No-Way-around-DEI-Slides-25.06.23.pdf">Deep Dive - No hay forma de evitar la DEI - Diapositivas - 25.06.23</a><a href="https://climate-hive.org/wp-content/uploads/2025/10/Deep-Dive-No-Way-around-DEI-Slides-25.06.23.pdf" class="wp-block-file__button wp-element-button" download aria-describedby="wp-block-file--media-92e81be4-e52a-49d4-acd1-8f7baaa08d2a">Descargar</a></div>



<h2 class="wp-block-heading">Perspectivas colectivas</h2>



<div data-wp-interactive="core/file" class="wp-block-file"><object data-wp-bind--hidden="!state.hasPdfPreview" hidden class="wp-block-file__embed" data="https://climate-hive.org/wp-content/uploads/2025/10/Deep-Dive-Collective-Insights-Menti.pdf" type="application/pdf" style="width:100%;height:634px" aria-label="Embed of Deep Dive - Collective Insights Menti."></object><a id="wp-block-file--media-98055af3-b383-4811-b548-771e007eef54" href="https://climate-hive.org/wp-content/uploads/2025/10/Deep-Dive-Collective-Insights-Menti.pdf">Inmersión profunda - Collective Insights Menti</a><a href="https://climate-hive.org/wp-content/uploads/2025/10/Deep-Dive-Collective-Insights-Menti.pdf" class="wp-block-file__button wp-element-button" download aria-describedby="wp-block-file--media-98055af3-b383-4811-b548-771e007eef54">Descargar</a></div>

Más allá de la ESG: crear organizaciones ágiles y resistentes para la próxima era industrial
