{"id":6806,"date":"2026-01-26T16:18:30","date_gmt":"2026-01-26T16:18:30","guid":{"rendered":"https:\/\/climate-hive.org\/?post_type=tribe_events&#038;p=6806"},"modified":"2026-01-26T16:18:34","modified_gmt":"2026-01-26T16:18:34","slug":"reclaim-the-economy-week","status":"publish","type":"tribe_events","link":"https:\/\/climate-hive.org\/fr\/event\/reclaim-the-economy-week\/","title":{"rendered":"Semaine \"Reclaim the Economy"},"content":{"rendered":"<div  class=\"tribe-events-schedule tribe-clearfix\" >\n\t<p class=\"tribe-events-schedule__datetime\">\n\t\t<span class=\"tribe-events-schedule__date tribe-events-schedule__date--start\">\n\t\t\t1er f\u00e9vrier\t\t<\/span>\n\n\t\t\t\t\t<span class=\"tribe-events-schedule__separator tribe-events-schedule__separator--date\">\n\t\t\t\t@\t\t\t<\/span>\n\t\t\t<span class=\"tribe-events-schedule__time tribe-events-schedule__time--start\">\n\t\t\t\t8:00 am\t\t\t<\/span>\n\t\t\n\t\t\t\t\t\t\t\t\t<span class=\"tribe-events-schedule__separator tribe-events-schedule__separator--time\">\n\t\t\t\t\t-\t\t\t\t<\/span>\n\t\t\t\n\t\t\t\t\t\t\t<span class=\"tribe-events-schedule__time tribe-events-schedule__time--end\">\n\t\t\t\t\t5:00 pm\t\t\t\t<\/span>\n\t\t\t\n\t\t\t\t\t\t<\/p>\n<\/div>\n\n\n\n<p>Nos \u00e9conomies sont \u00e0 l'origine des in\u00e9galit\u00e9s et de la d\u00e9vastation de l'environnement. La semaine \"Reclaim the Economy\" est l'occasion de s'unir pour exiger une \u00e9conomie qui donne la priorit\u00e9 aux personnes et \u00e0 la plan\u00e8te.<\/p>\n\n\n\n<p>Reclaim the Economy est un nouveau moment mondial sans marque qui nous permet de nous unir pour exiger des \u00e9conomies qui placent les personnes et la plan\u00e8te au premier plan.<\/p>\n\n\n\n<p>Nos partenaires Earth4All et Wellbeing Economy Alliance se sont associ\u00e9s pour organiser cette semaine d'action, du 26 janvier au 1er f\u00e9vrier. La mission est d'initier une semaine annuelle hautement d\u00e9centralis\u00e9e et pluraliste o\u00f9 tous les regards sont tourn\u00e9s vers la refonte de nos \u00e9conomies.<\/p>\n\n\n\n<p>Consultez le site officiel et participez \u00e0 une ou plusieurs des nombreuses activit\u00e9s organis\u00e9es dans le monde entier. <\/p>\n\n\n\n<p>Si votre organisation se consacre \u00e0 la r\u00e9organisation de l'\u00e9conomie, qu'il s'agisse de l'\u00e9conomie autochtone, de l'\u00e9conomie fond\u00e9e sur les droits, de la d\u00e9croissance, des beignets, de l'\u00e9conomie du bien-\u00eatre ou de tout autre concept que vous utilisez pour parler des \u00e9conomies centr\u00e9es sur la vie, ajoutez votre initiative ou votre campagne sur le site web.<\/p>\n\n\n<div  class=\"tribe-block tribe-block__event-website\" >\n\t<a\n\t\thref=\"https:\/\/www.reclaimtheeconomy.org\/\"\n\t\ttarget=\"_self\"\n\t\t\t>\n\t\tEN SAVOIR PLUS\t<\/a>\n<\/div>\n\n\n<div  class=\"tribe-block tribe-block__organizer__details tribe-clearfix\" >\n    <h4>Organiser details<\/h4>\n\t<div class=\"tribe-block__organizer__title\">\n\t\t<h3><a href=\"https:\/\/climate-hive.org\/fr\/organisateur\/earth4all\/\" title=\"Earth4All\" target=\"_self\" rel=\"\">Earth4All<\/a><\/h3>\n\t<\/div>\n\t\t\t\t<p class=\"tribe-block__organizer__website\"><a href=\"https:\/\/earth4all.life\/\" target=\"_self\" rel=\"external\">View Organizer Website<\/a><\/p>\n\t\t<\/div>\n\n\n<div  class=\"tribe-block tribe-block__organizer__details tribe-clearfix\" >\n    <h4>Organiser details<\/h4>\n\t<div class=\"tribe-block__organizer__title\">\n\t\t<h3><a href=\"https:\/\/climate-hive.org\/fr\/organisateur\/wellbeing-economy-alliance\/\" title=\"Alliance pour une \u00e9conomie du bien-\u00eatre\" target=\"_self\" rel=\"\">Alliance pour une \u00e9conomie du bien-\u00eatre<\/a><\/h3>\n\t<\/div>\n\t\t\t\t<p class=\"tribe-block__organizer__website\"><a href=\"https:\/\/weall.org\/\" target=\"_self\" rel=\"external\">View Organizer Website<\/a><\/p>\n\t\t<\/div>","protected":false},"excerpt":{"rendered":"<p>Nos \u00e9conomies sont \u00e0 l'origine des in\u00e9galit\u00e9s et de la d\u00e9vastation de l'environnement. La Semaine de la r\u00e9appropriation de l'\u00e9conomie est l'occasion de s'unir pour exiger une \u00e9conomie qui donne la priorit\u00e9 aux personnes et \u00e0 la plan\u00e8te. Reclaim the Economy [...]<\/p>","protected":false},"author":3,"featured_media":6810,"comment_status":"open","ping_status":"closed","template":"","meta":{"_acf_changed":false,"_tec_requires_first_save":false,"_bbp_topic_count":0,"_bbp_reply_count":0,"_bbp_total_topic_count":0,"_bbp_total_reply_count":0,"_bbp_voice_count":0,"_bbp_anonymous_reply_count":0,"_bbp_topic_count_hidden":0,"_bbp_reply_count_hidden":0,"_bbp_forum_subforum_count":0,"pmpro_default_level":"","inline_featured_image":false,"_price":"","_stock":"","_tribe_ticket_header":"","_tribe_default_ticket_provider":"TEC\\Tickets\\Commerce\\Module","_ticket_start_date":"","_ticket_end_date":"","_tribe_ticket_show_description":"","_tribe_ticket_show_not_going":false,"_tribe_ticket_use_global_stock":"","_tribe_ticket_global_stock_level":"","_global_stock_mode":"","_global_stock_cap":"","_tribe_rsvp_for_event":"","_tribe_ticket_going_count":"","_tribe_ticket_not_going_count":"","_tribe_tickets_list":"[]","_tribe_ticket_has_attendee_info_fields":false,"_EventAllDay":false,"_EventTimezone":"Europe\/London","_EventStartDate":"2026-02-01 08:00:00","_EventEndDate":"2026-02-01 17:00:00","_EventStartDateUTC":"2026-02-01 08:00:00","_EventEndDateUTC":"2026-02-01 17:00:00","_EventShowMap":false,"_EventShowMapLink":false,"_EventURL":"https:\/\/www.reclaimtheeconomy.org\/","_EventCost":"","_EventCostDescription":"","_EventCurrencySymbol":"\u20ac","_EventCurrencyCode":"EUR","_EventCurrencyPosition":"prefix","_EventDateTimeSeparator":"@","_EventTimeRangeSeparator":"-","_EventOrganizerID":[6808,6809],"_EventVenueID":[],"_OrganizerEmail":"","_OrganizerPhone":"","_OrganizerWebsite":"","_VenueAddress":"","_VenueCity":"","_VenueCountry":"","_VenueProvince":"","_VenueState":"","_VenueZip":"","_VenuePhone":"","_VenueURL":"","_VenueStateProvince":"","_VenueLat":"","_VenueLng":"","_VenueShowMap":false,"_VenueShowMapLink":false,"_tribe_blocks_recurrence_rules":"","_tribe_blocks_recurrence_description":"","_tribe_blocks_recurrence_exclusions":"","_tribe_events_status":"","_tribe_events_status_reason":"","_tribe_events_is_hybrid":"","_tribe_events_is_virtual":"","_tribe_events_virtual_video_source":"","_tribe_events_virtual_embed_video":"","_tribe_events_virtual_linked_button_text":"","_tribe_events_virtual_linked_button":"","_tribe_events_virtual_show_embed_at":"","_tribe_events_virtual_show_embed_to":[],"_tribe_events_virtual_show_on_event":"","_tribe_events_virtual_show_on_views":"","_tribe_events_virtual_url":"","footnotes":"","_tec_slr_enabled":"","_tec_slr_layout":""},"tribe_events_cat":[13],"class_list":["post-6806","tribe_events","type-tribe_events","status-publish","has-post-thumbnail","hentry","tribe_events_cat-organised-by-member-partner","pmpro-has-access","cat_organised-by-member-partner"],"acf":[],"ticketed":false,"_links":{"self":[{"href":"https:\/\/climate-hive.org\/fr\/wp-json\/wp\/v2\/tribe_events\/6806","targetHints":{"allow":["GET"]}}],"collection":[{"href":"https:\/\/climate-hive.org\/fr\/wp-json\/wp\/v2\/tribe_events"}],"about":[{"href":"https:\/\/climate-hive.org\/fr\/wp-json\/wp\/v2\/types\/tribe_events"}],"author":[{"embeddable":true,"href":"https:\/\/climate-hive.org\/fr\/wp-json\/wp\/v2\/users\/3"}],"replies":[{"embeddable":true,"href":"https:\/\/climate-hive.org\/fr\/wp-json\/wp\/v2\/comments?post=6806"}],"version-history":[{"count":2,"href":"https:\/\/climate-hive.org\/fr\/wp-json\/wp\/v2\/tribe_events\/6806\/revisions"}],"predecessor-version":[{"id":6811,"href":"https:\/\/climate-hive.org\/fr\/wp-json\/wp\/v2\/tribe_events\/6806\/revisions\/6811"}],"wp:featuredmedia":[{"embeddable":true,"href":"https:\/\/climate-hive.org\/fr\/wp-json\/wp\/v2\/media\/6810"}],"wp:attachment":[{"href":"https:\/\/climate-hive.org\/fr\/wp-json\/wp\/v2\/media?parent=6806"}],"wp:term":[{"taxonomy":"tribe_events_cat","embeddable":true,"href":"https:\/\/climate-hive.org\/fr\/wp-json\/wp\/v2\/tribe_events_cat?post=6806"}],"curies":[{"name":"wp","href":"https:\/\/api.w.org\/{rel}","templated":true}]}}

<div  class="tribe-events-schedule tribe-clearfix" >
	<p class="tribe-events-schedule__datetime">
		<span class="tribe-events-schedule__date tribe-events-schedule__date--start">
			1er février		</span>

					<span class="tribe-events-schedule__separator tribe-events-schedule__separator--date">
				@			</span>
			<span class="tribe-events-schedule__time tribe-events-schedule__time--start">
				8:00 am			</span>
		
									<span class="tribe-events-schedule__separator tribe-events-schedule__separator--time">
					-				</span>
			
							<span class="tribe-events-schedule__time tribe-events-schedule__time--end">
					5:00 pm				</span>
			
						</p>
</div>



<p>Nos économies sont à l'origine des inégalités et de la dévastation de l'environnement. La semaine "Reclaim the Economy" est l'occasion de s'unir pour exiger une économie qui donne la priorité aux personnes et à la planète.</p>



<p>Reclaim the Economy est un nouveau moment mondial sans marque qui nous permet de nous unir pour exiger des économies qui placent les personnes et la planète au premier plan.</p>



<p>Nos partenaires Earth4All et Wellbeing Economy Alliance se sont associés pour organiser cette semaine d'action, du 26 janvier au 1er février. La mission est d'initier une semaine annuelle hautement décentralisée et pluraliste où tous les regards sont tournés vers la refonte de nos économies.</p>



<p>Consultez le site officiel et participez à une ou plusieurs des nombreuses activités organisées dans le monde entier. </p>



<p>Si votre organisation se consacre à la réorganisation de l'économie, qu'il s'agisse de l'économie autochtone, de l'économie fondée sur les droits, de la décroissance, des beignets, de l'économie du bien-être ou de tout autre concept que vous utilisez pour parler des économies centrées sur la vie, ajoutez votre initiative ou votre campagne sur le site web.</p>


<div  class="tribe-block tribe-block__event-website" >
	<a
		href="https://www.reclaimtheeconomy.org/"
		target="_self"
			>
		EN SAVOIR PLUS	</a>
</div>


<div  class="tribe-block tribe-block__organizer__details tribe-clearfix" >
    <h4>Organiser details</h4>
	<div class="tribe-block__organizer__title">
		<h3><a href="https://climate-hive.org/fr/organisateur/earth4all/" title="Earth4All" target="_self" rel="">Earth4All</a></h3>
	</div>
				<p class="tribe-block__organizer__website"><a href="https://earth4all.life/" target="_self" rel="external">View Organizer Website</a></p>
		</div>


<div  class="tribe-block tribe-block__organizer__details tribe-clearfix" >
    <h4>Organiser details</h4>
	<div class="tribe-block__organizer__title">
		<h3><a href="https://climate-hive.org/fr/organisateur/wellbeing-economy-alliance/" title="Alliance pour une économie du bien-être" target="_self" rel="">Alliance pour une économie du bien-être</a></h3>
	</div>
				<p class="tribe-block__organizer__website"><a href="https://weall.org/" target="_self" rel="external">View Organizer Website</a></p>
		</div>

<p>Nos économies sont à l'origine des inégalités et de la dévastation de l'environnement. La Semaine de la réappropriation de l'économie est l'occasion de s'unir pour exiger une économie qui donne la priorité aux personnes et à la planète. Reclaim the Economy [...]</p>
